012200111
What is 12010111231 (base 4) in base 11?
997084
What is 103042041 (base 5) in base 13?
125520
Convert 425761 (base 11) to base 4.
2212101133
20222020022201 (base 3) to base 13
9c9520
What is -1020311102 (base 4) in base 14?
-7aa0a
Convert 12031211 (base 4) to base 2.
110001101100101
What is -8a165 (base 14) in base 15?
-6941d
Convert 312ba9 (base 15) to base 2.
1000111010110101010110
Convert 151581 (base 9) to base 11.
63a11
What is -856f (base 16) in base 8?
-102557
What is 10031656 (base 7) in base 5?
203101144
10111100012 (base 3) to base 13
253c4
Convert 1011010101101110011001 (base 2) to base 3.
12121000121011
Convert -15661c (base 15) to base 13.
-2a2913
220412014 (base 5) to base 6
32214124
-567c1 (base 13) to base 2
-100110011010001111
-43436 (base 8) to base 10
-18206
1001001000000001000011 (base 2) to base 11
1394275
20214030 (base 5) to base 7
1251041
What is 2712025 (base 8) in base 11?
479113
Convert 12043004030 (base 5) to base 16.
d61b95
Convert -147898 (base 10) to base 5.
-14213043
Convert -35220342 (base 6) to base 2.
-100001010011100100110
What is 12110011100 (base 3) in base 12?
52100
What is -22202110102 (base 3) in base 16?
-2a15b
What is 44315534 (base 6) in base 2?
101000101010000110010
Convert 3caa7 (base 14) to base 5.
14302113
What is 301220303 (base 4) in base 14?
54147
-108460 (base 10) to base 4
-122132230
What is -31a93 (base 11) in base 5?
-2442231
2a6324 (base 11) to base 5
110230022
Convert -86d68 (base 15) to base 7.
-3432416
Convert 1627535 (base 8) to base 7.
4000551
10110100000000001000 (base 2) to base 14
152996
What is -22a664 (base 11) in base 7?
-3051366
Convert -162b74 (base 12) to base 8.
-1343010
What is -3214115 (base 6) in base 10?
-157727
Convert 41544 (base 11) to base 2.
1110110010000100
-1187186 (base 9) to base 15
-cc110
48981 (base 12) to base 7
556120
5c1db (base 15) to base 3
112221100222
What is -6182431 (base 9) in base 7?
-40031542
What is 101022100102 (base 3) in base 12?
99518
Convert 1350435 (base 6) to base 5.
4423011
Convert 10101000011100010101 (base 2) to base 6.
22442101
What is -111000010101000101111001 (base 2) in base 11?
-8376292
Convert 163524 (base 7) to base 15.
9970
What is -113851 (base 12) in base 2?
-1000011010111111101
What is -121121230333 (base 4) in base 12?
-2291627
Convert 11210112121 (base 3) to base 15.
1ceaa
1200621 (base 7) to base 3
21200220210
What is 1823225 (base 9) in base 14?
1c7691
Convert 408c9 (base 14) to base 11.
a6841
What is 3243252 (base 6) in base 2?
100111011010110000
What is 3244144 (base 5) in base 4?
31231232
What is -10101001001001000 (base 2) in base 11?
-5a078
-3452524 (base 6) to base 3
-100001102021
Convert -104ca27 (base 14) to base 16.
-75c4eb
What is 100001321 (base 5) in base 6?
12213232
a83702 (base 11) to base 3
10021000111221
What is 453415 (base 10) in base 2?
1101110101100100111
What is 110110111110001110 (base 2) in base 14?
5c0b4
-1211626 (base 10) to base 16
-127cea
Convert 1560150 (base 7) to base 8.
646156
Convert -185112 (base 10) to base 8.
-551430
-c5cb9 (base 13) to base 10
-355897
What is 324866 (base 12) in base 5?
200433420
11011010001000100011011 (base 2) to base 6
413111403
Convert -100132130 (base 5) to base 4.
-1200222023
What is 32120233302 (base 4) in base 6?
212500030
-69a32 (base 14) to base 11
-166265
-2212402 (base 12) to base 16
-6318c2
Convert 1074a6 (base 12) to base 15.
527c0
What is a96a7 (base 14) in base 7?
3325600
Convert -55ef0 (base 16) to base 14.
-923ba
Convert 1411242 (base 6) to base 12.
39b22
Convert 724729 (base 10) to base 15.
e4b04
646243 (base 16) to base 9
13336317
-27551 (base 11) to base 16
-995c
2756098 (base 11) to base 6
245502545
What is 333137 (base 8) in base 3?
12200221102
What is -78a2ba (base 12) in base 8?
-7260456
Convert -2144045 (base 11) to base 3.
-21002102212122
Convert -11101101001100100 (base 2) to base 7.
-1014031
1a70b (base 14) to base 5
4122424
Convert 9303642 (base 10) to base 9.
18450170
Convert 58192c (base 14) to base 2.
1011011100101010100100
What is 20c8752 (base 14) in base 13?
32b2b1a
1a93745 (base 11) to base 8
15330411
What is -1010100101100011101 (base 2) in base 14?
-905d3
-26772400 (base 8) to base 4
-112333110000
Convert -494166 (base 10) to base 5.
-111303131
Convert -401197 (base 10) to base 14.
-a62cd
Convert 102012000222200 (base 3) to base 14.
b0a77c
9c8c6 (base 13) to base 5
33104202
What is 1020200200020212 (base 3) in base 11?
a11a453
What is 330913 (base 11) in base 2?
10000000111100110011
Convert -82393 (base 11) to base 15.
-25970
Convert -102022102111 (base 3) to base 6.
-4434451
What is -250027 (base 8) in base 16?
-15017
-1815623 (base 9) to base 8
-3675422
Convert -4c1ac2 (base 14) to base 6.
-132032254
Convert -11211212012 (base 3) to base 11.
-65744
What is -11200200102 (base 3) in base 14?
-25927
2034066 (base 12) to base 13
1336971
What is -103262 (base 8) in base 2?
-1000011010110010
112121112122101 (base 3) to base 12
2726101
-2b578 (base 15) to base 12
-68965
What is 4633805 (base 12) in base 16?
ce13c5
-71586 (base 9) to base 13
-185c1
-36475a (base 14) to base 3
-10111022111102
-152340 (base 8) to base 5
-3220441
What is aa48a (base 12) in base 13?
7b736
Convert 32501235 (base 8) to base 16.
6a829d
What is -4220505 (base 6) in base 12?
-9a735
What is 22366455 (base 7) in base 15?
287970
20b05c (base 14) to base 5
240342124
3752511 (base 8) to base 11
649660
Convert 7ca1 (base 14) to base 8.
52305
Convert 59161c (base 14) to base 2.
1011100101111001011010
1fbb9c (base 16) to base 13
57a778
Convert 79cd2 (base 16) to base 5.
111431043
Convert 14191a6 (base 12) to base 7.
46102623
1111010100001110 (base 2) to base 9
105044
What is 2221243 (base 5) in base 2?
1001100000100100
What is 3433b (base 15) in base 13?
5a7b5
What is -2023202021 (base 4) in base 14?
-10c3d7
Convert -23331330 (base 5) to base 11.
-137252
-42e8 (base 16) to base 3
-212111101
What is -55aa81 (base 13) in base 6?
-111205523
-155624446 (base 7) to base 6
-1014420131
Convert -211202100021121 (base 3) to base 6.
-1111102024
Convert -1a05163 (base 11) to base 8.
-14732764
What is -111115402 (base 7) in base 8?
-31522712
Convert -612809 (base 10) to base 14.
-11d481
What is -26254665 (base 9) in base 13?
-289c940
-1244501 (base 7) to base 9
-266788
What is -b1d65 (base 14) in base 15?
-86c07
Convert 11110010010000010 (base 2) to base 13.
445c1
Convert -1316975 (base 12) to base 13.
-a1a8c0
What is -405434 (base 7) in base 14?
-1b2c4
What is -15141817 (base 10) in base 11?
-86022a9
-1a781e (base 15) to base 10
-1291079
2060456 (base 8) to base 12
22597a
Convert 2b4c1 (base 13) to base 12.
3b636
Convert -131054 (base 15) to base 11.
-57525a
-435637 (base 8) to base 12
-70827
-1006622 (base 7) to base 8
-352321
What is 3cb374 (base 14) in base 15?
2b8c0d
23c63 (base 15) to base 6
2240320
-32c4e (base 16) to base 15
-41935
-57ee2a (base 15) to base 12
-14a764a
What is -132221013 (base 5) in base 14?
-133d23
Convert 61063 (base 9) to base 14.
108c0
32202000 (base 4) to base 7
335346
What is -3544300 (base 6) in base 2?
-101101001010101100
What is 4125414 (base 6) in base 2?
110000011001010010
What is -1037b80 (base 12) in base 2?
-1011101011100011010000
What is 40544331 (base 6) in base 12?
4820a7
28d0d (base 16) to base 10
167181
Convert 4b44f (base 16) to base 2.
1001011010001001111
-9b029 (base 15) to base 11
-307270
-3839b40 (base 12) to base 16
-a84620
What is -64461161 (base 8) in base 3?
-221221111020211
What is -76c1bd (base 14) in base 4?
-33113202023
-a78b24 (base 12) to base 5
-1134231113
133313222 (base 4) to base 11
8a091
What is 10011000000000100110110 (base 2) in base 5?
2233343141
What is 110011010100110000100 (base 2) in base 5?
412304141
What is 5221155 (base 6) in base 16?
3d73f
-78134 (base 15) to base 2
-1011101001011010001
What is -2134202 (base 5) in base 13?
-1399c
What is 54caa (base 13) in base 16?
258a1
-1211202022 (base 3) to base 5
-2130034
Convert 2023 (base 13) to base 9.
6054
Convert 21210111210102 (base 3) to base 13.
b20c88
Convert 107002 (base 13) to base 15.
79884
What is 8d5c4 (base 16) in base 3?
1002102020220
Convert 94598 (base 13) to base 15.
540c2
Convert 2854664 (base 9) to base 16.
17fad3
Convert 4231510 (bas